{"id":11722,"date":"2025-03-14T17:42:31","date_gmt":"2025-03-14T16:42:31","guid":{"rendered":"https:\/\/oegjk.org\/?post_type=tribe_events&#038;p=11722"},"modified":"2025-03-14T17:42:31","modified_gmt":"2025-03-14T16:42:31","slug":"itb-die-weltweit-groesste-tourismusfachmesse","status":"publish","type":"tribe_events","link":"https:\/\/oegjk.org\/sq\/event\/itb-die-weltweit-groesste-tourismusfachmesse\/","title":{"rendered":"ITB - Panairi m\u00eb i madh m\u00eb bot\u00eb p\u00ebr industrin\u00eb e turizmit"},"content":{"rendered":"","protected":false},"excerpt":{"rendered":"","protected":false},"author":1,"featured_media":0,"template":"","meta":{"_tribe_events_status":"","_tribe_events_status_reason":"","footnotes":""},"tags":[],"tribe_events_cat":[127],"class_list":["post-11722","tribe_events","type-tribe_events","status-publish","hentry","tribe_events_cat-messe","cat_messe"],"aioseo_notices":[],"_links":{"self":[{"href":"https:\/\/oegjk.org\/sq\/wp-json\/wp\/v2\/tribe_events\/11722","targetHints":{"allow":["GET"]}}],"collection":[{"href":"https:\/\/oegjk.org\/sq\/wp-json\/wp\/v2\/tribe_events"}],"about":[{"href":"https:\/\/oegjk.org\/sq\/wp-json\/wp\/v2\/types\/tribe_events"}],"author":[{"embeddable":true,"href":"https:\/\/oegjk.org\/sq\/wp-json\/wp\/v2\/users\/1"}],"version-history":[{"count":1,"href":"https:\/\/oegjk.org\/sq\/wp-json\/wp\/v2\/tribe_events\/11722\/revisions"}],"predecessor-version":[{"id":11723,"href":"https:\/\/oegjk.org\/sq\/wp-json\/wp\/v2\/tribe_events\/11722\/revisions\/11723"}],"wp:attachment":[{"href":"https:\/\/oegjk.org\/sq\/wp-json\/wp\/v2\/media?parent=11722"}],"wp:term":[{"taxonomy":"post_tag","embeddable":true,"href":"https:\/\/oegjk.org\/sq\/wp-json\/wp\/v2\/tags?post=11722"},{"taxonomy":"tribe_events_cat","embeddable":true,"href":"https:\/\/oegjk.org\/sq\/wp-json\/wp\/v2\/tribe_events_cat?post=11722"}],"curies":[{"name":"wp","href":"https:\/\/api.w.org\/{rel}","templated":true}]}}

ITB - Panairi më i madh më botë për industrinë e turizmit
