{"id":7321,"date":"2023-05-25T14:45:08","date_gmt":"2023-05-25T12:45:08","guid":{"rendered":"https:\/\/oegjk.org\/?post_type=at_biz_dir&#038;p=7321"},"modified":"2024-05-22T18:16:44","modified_gmt":"2024-05-22T16:16:44","slug":"vier-pfoten-kosova","status":"publish","type":"at_biz_dir","link":"https:\/\/oegjk.org\/sq\/unternehmen\/vier-pfoten-kosova\/","title":{"rendered":"VIER PFOTEN Kosova"},"content":{"rendered":"<p>Fondacioni \u201cVIER PFOTEN Kosova\u201d \u00ebsht\u00eb themeluar dhe regjistruar zyrtarisht n\u00eb dhjetor t\u00eb vitit 2012 si fondacion p\u00ebr mbrojtjen e kafsh\u00ebve, me mb\u00ebshtetjen e organizat\u00ebs p\u00ebr mir\u00ebqenien e kafsh\u00ebve \u201cFOUR PAWS International\u201d.<br \/>\nMisioni i k\u00ebtij fondacioni \u00ebsht\u00eb t\u00eb ndihmoj\u00eb autoritetet p\u00ebrgjegj\u00ebse n\u00eb mbrojtjen e kafsh\u00ebve t\u00eb keqtrajtuara, sidomos arinjve t\u00eb murrm\u00eb.<br \/>\nFondacioni \u201cVIER PFOTEN Kosova\u201d ka krijuar dhe administron pun\u00ebn e \u201cPYLLIT T\u00cb ARINJVE Prishtin\u00eb\u201d me q\u00ebllim krijimin e kushteve m\u00eb t\u00eb mira jetese p\u00ebr 20 arinjt\u00eb e murrm\u00eb q\u00eb jan\u00eb shp\u00ebtuar.<br \/>\nNe kuad\u00ebr t\u00eb PYLLIT T\u00cb ARINJVE Prishtina operon edhe<br \/>\nQendra p\u00ebr Edukim Mjedisor \u201cTHESARET E NATYR\u00cbS. Kjo qend\u00ebr \u00ebsht\u00eb hapur ne vitin 2018 me qellim te ofrimit sa me cil\u00ebsor te sh\u00ebrbimeve p\u00ebr vizitore.<br \/>\nNe kuad\u00ebr te Qendr\u00ebs operojn\u00eb; restoranti edukativ, dyqani i suvenireve, sallat e konferencave dhe k\u00ebndi i loj\u00ebrave p\u00ebr f\u00ebmije. Pjese e ve\u00e7ant\u00eb e Qendr\u00ebs \u00ebsht\u00eb edhe programi edukativ mjedisor i cili zhvillohet me f\u00ebmije te moshave te ndryshme p\u00ebrmes shume elementeve edukative.<\/p>","protected":false},"author":1,"comment_status":"closed","ping_status":"closed","template":"elementor_canvas","atbdp_listing_types":[7],"at_biz_dir-category":[65],"at_biz_dir-location":[14],"at_biz_dir-tags":[],"class_list":["post-7321","at_biz_dir","type-at_biz_dir","status-publish","has-post-thumbnail","hentry","atbdp_listing_types-general","at_biz_dir-category-umweltschutz","at_biz_dir-location-prishtina"],"aioseo_notices":[],"_links":{"self":[{"href":"https:\/\/oegjk.org\/sq\/wp-json\/wp\/v2\/at_biz_dir\/7321","targetHints":{"allow":["GET"]}}],"collection":[{"href":"https:\/\/oegjk.org\/sq\/wp-json\/wp\/v2\/at_biz_dir"}],"about":[{"href":"https:\/\/oegjk.org\/sq\/wp-json\/wp\/v2\/types\/at_biz_dir"}],"author":[{"embeddable":true,"href":"https:\/\/oegjk.org\/sq\/wp-json\/wp\/v2\/users\/1"}],"replies":[{"embeddable":true,"href":"https:\/\/oegjk.org\/sq\/wp-json\/wp\/v2\/comments?post=7321"}],"version-history":[{"count":1,"href":"https:\/\/oegjk.org\/sq\/wp-json\/wp\/v2\/at_biz_dir\/7321\/revisions"}],"predecessor-version":[{"id":7323,"href":"https:\/\/oegjk.org\/sq\/wp-json\/wp\/v2\/at_biz_dir\/7321\/revisions\/7323"}],"wp:featuredmedia":[{"embeddable":true,"href":"https:\/\/oegjk.org\/sq\/wp-json\/wp\/v2\/media\/7322"}],"wp:attachment":[{"href":"https:\/\/oegjk.org\/sq\/wp-json\/wp\/v2\/media?parent=7321"}],"wp:term":[{"taxonomy":"atbdp_listing_types","embeddable":true,"href":"https:\/\/oegjk.org\/sq\/wp-json\/wp\/v2\/atbdp_listing_types?post=7321"},{"taxonomy":"at_biz_dir-category","embeddable":true,"href":"https:\/\/oegjk.org\/sq\/wp-json\/wp\/v2\/at_biz_dir-category?post=7321"},{"taxonomy":"at_biz_dir-location","embeddable":true,"href":"https:\/\/oegjk.org\/sq\/wp-json\/wp\/v2\/at_biz_dir-location?post=7321"},{"taxonomy":"at_biz_dir-tags","embeddable":true,"href":"https:\/\/oegjk.org\/sq\/wp-json\/wp\/v2\/at_biz_dir-tags?post=7321"}],"curies":[{"name":"wp","href":"https:\/\/api.w.org\/{rel}","templated":true}]}}

<p>Fondacioni “VIER PFOTEN Kosova” është themeluar dhe regjistruar zyrtarisht në dhjetor të vitit 2012 si fondacion për mbrojtjen e kafshëve, me mbështetjen e organizatës për mirëqenien e kafshëve “FOUR PAWS International”.<br />
Misioni i këtij fondacioni është të ndihmojë autoritetet përgjegjëse në mbrojtjen e kafshëve të keqtrajtuara, sidomos arinjve të murrmë.<br />
Fondacioni “VIER PFOTEN Kosova” ka krijuar dhe administron punën e “PYLLIT TË ARINJVE Prishtinë” me qëllim krijimin e kushteve më të mira jetese për 20 arinjtë e murrmë që janë shpëtuar.<br />
Ne kuadër të PYLLIT TË ARINJVE Prishtina operon edhe<br />
Qendra për Edukim Mjedisor “THESARET E NATYRËS. Kjo qendër është hapur ne vitin 2018 me qellim te ofrimit sa me cilësor te shërbimeve për vizitore.<br />
Ne kuadër te Qendrës operojnë; restoranti edukativ, dyqani i suvenireve, sallat e konferencave dhe këndi i lojërave për fëmije. Pjese e veçantë e Qendrës është edhe programi edukativ mjedisor i cili zhvillohet me fëmije te moshave te ndryshme përmes shume elementeve edukative.</p>
